9
What is the highest common divisor of 295 and 49383?
59
Calculate the highest common divisor of 632412 and 264.
132
Calculate the highest common divisor of 481058 and 124.
62
What is the highest common divisor of 126830 and 30?
10
What is the highest common divisor of 527 and 34100?
31
What is the greatest common divisor of 3483 and 387?
387
Calculate the greatest common factor of 42 and 830193.
21
What is the highest common factor of 10392 and 456?
24
What is the greatest common factor of 496 and 39556?
124
Calculate the highest common factor of 477181 and 115.
23
What is the highest common factor of 287 and 3752?
7
Calculate the greatest common factor of 1731 and 6673582.
577
Calculate the highest common factor of 367182 and 72.
18
Calculate the highest common factor of 14480 and 128.
16
Calculate the highest common factor of 1090348 and 196.
196
Calculate the greatest common factor of 624 and 18642.
78
What is the highest common divisor of 8673 and 24?
3
Calculate the highest common divisor of 12461715 and 189.
189
Calculate the highest common divisor of 209 and 837958.
11
Calculate the greatest common factor of 21770 and 7460.
10
Calculate the highest common factor of 173941 and 4743.
31
What is the highest common factor of 77286 and 3234?
66
What is the highest common divisor of 5152 and 2436?
28
What is the greatest common divisor of 28 and 170254?
14
Calculate the highest common divisor of 153 and 674577.
153
Calculate the highest common divisor of 2883940 and 205.
205
Calculate the highest common divisor of 1708944 and 48.
48
What is the greatest common divisor of 215 and 6751?
43
Calculate the highest common factor of 132597 and 81.
81
What is the greatest common factor of 137709 and 1794?
39
Calculate the greatest common divisor of 18 and 5494671.
9
Calculate the greatest common divisor of 430972 and 7271.
661
Calculate the highest common factor of 476 and 29869.
119
Calculate the greatest common factor of 206 and 33578.
206
What is the highest common divisor of 101653 and 6?
1
Calculate the highest common factor of 79260 and 5.
5
Calculate the greatest common divisor of 12792 and 5289.
123
Calculate the greatest common factor of 48048 and 6600.
264
Calculate the greatest common factor of 162 and 14268.
6
Calculate the greatest common divisor of 505304 and 1992.
664
What is the highest common factor of 251676 and 10?
2
What is the highest common divisor of 57312 and 12?
12
Calculate the highest common divisor of 3223 and 37797.
293
Calculate the highest common factor of 11050 and 4.
2
Calculate the highest common divisor of 209281 and 172.
43
Calculate the highest common divisor of 23685 and 255.
15
Calculate the greatest common divisor of 91429 and 169.
169
Calculate the highest common factor of 15744 and 2547904.
2624
Calculate the greatest common factor of 3904 and 23302.
122
Calculate the highest common factor of 470001 and 21.
21
Calculate the greatest common factor of 6304 and 7936.
32
What is the greatest common divisor of 91 and 845663?
91
Calculate the greatest common factor of 111288 and 42.
6
What is the greatest common divisor of 5015 and 9010?
85
Calculate the highest common factor of 492156 and 4.
4
What is the greatest common divisor of 38961 and 273?
39
What is the highest common divisor of 12 and 5468?
4
Calculate the greatest common factor of 270 and 8765145.
135
What is the greatest common factor of 8455 and 9443?
19
Calculate the highest common divisor of 26 and 715806.
26
What is the greatest common divisor of 124822 and 1668?
278
Calculate the greatest common factor of 35032 and 4530.
302
Calculate the highest common divisor of 591479 and 49.
49
What is the greatest common factor of 152 and 7192?
8
What is the greatest common divisor of 3569 and 24236?
83
Calculate the highest common divisor of 6768 and 10756608.
2256
What is the highest common divisor of 629 and 9197?
17
What is the greatest common divisor of 205720 and 70?
10
What is the greatest common divisor of 1683 and 1113959?
187
Calculate the greatest common divisor of 418285 and 153.
17
Calculate the highest common factor of 3 and 6644.
1
Calculate the greatest common factor of 557118 and 108.
54
Calculate the highest common divisor of 176 and 78364.
44
Calculate the highest common divisor of 167473 and 9012.
751
What is the greatest common factor of 119 and 15722?
7
Calculate the highest common factor of 299 and 39455.
13
What is the highest common factor of 12974 and 208?
26
What is the greatest common factor of 148070 and 325?
65
Calculate the highest common divisor of 215 and 284015.
215
What is the greatest common factor of 131005 and 6251?
133
Calculate the greatest common divisor of 4 and 8542.
2
What is the greatest common factor of 14 and 360969?
7
What is the greatest common factor of 2767558 and 766?
766
Calculate the greatest common divisor of 212004 and 234.
234
What is the greatest common divisor of 211000 and 400?
200
What is the greatest common factor of 81 and 153?
9
What is the highest common factor of 869 and 66281?
79
What is the greatest common factor of 621 and 1752462?
621
Calculate the greatest common divisor of 210 and 135690.
30
Calculate the greatest common factor of 539 and 1442.
7
What is the highest common divisor of 839512 and 202?
202
What is the greatest common divisor of 24 and 919812?
12
Calculate the greatest common factor of 12864 and 1308108.
804
What is the highest common factor of 77312 and 2336?
32
What is the greatest common factor of 808 and 32926?
202
Calculate the greatest common divisor of 2544138 and 173.
173
What is the greatest common divisor of 339 and 486013?
113
What is the highest common factor of 29520 and 1080?
360
Calculate the greatest common factor of 465035 and 85.
85
Calculate the highest common divisor of 1 and 34757.
1
What is the highest common factor of 26343 and 63?
9
What is the greatest common factor of 256148 and 2?
2
Calculate the highest common factor of 1593 and 5157.
27
Calculate the highest common divisor of 1296 and 35829.
27
Calculate the greatest common factor of 291 and 43359.
291
Calculate the greatest common divisor of 504 and 334068.
84
What is the highest common divisor of 180 and 39132?
36
What is the highest common factor of 526212 and 108?
36
Calculate the greatest common factor of 484 and 9438.
242
Calculate the highest common divisor of 60992 and 64.
64
Calculate the greatest common divisor of 724 and 1012514.
362
Calculate the highest common factor of 9984 and 222.
6
Calculate the greatest common divisor of 796 and 263078.
398
Calculate the greatest common divisor of 689 and 700607.
53
What is the highest common divisor of 1312 and 2592?
32
Calculate the greatest common factor of 938 and 62712.
134
Calculate the highest common divisor of 12033 and 146879.
191
What is the greatest common factor of 1804 and 507826?
902
What is the greatest common factor of 14355 and 37265?
145
Calculate the greatest common divisor of 633 and 5486.
211
Calculate the highest common divisor of 558 and 123039.
279
Calculate the highest common divisor of 4180 and 99550.
110
What is the highest common divisor of 247124 and 16?
4
Calculate the highest common divisor of 28227 and 291.
291
What is the greatest common factor of 936712 and 172?
172
What is the greatest common divisor of 85404 and 572?
44
Calculate the highest common divisor of 1653240 and 276.
276
Calculate the greatest common factor of 10535 and 98.
49
What is the greatest common factor of 174 and 18618?
174
What is the greatest common factor of 105 and 381955?
35
Calculate the greatest common divisor of 30 and 312765.
15
What is the highest common factor of 675 and 25?
25
Calculate the highest common divisor of 2958809 and 331.
331
Calculate the greatest common factor of 442998 and 252.
18
Calculate the greatest common factor of 130 and 102895.
65
Calculate the greatest common divisor of 4718 and 28.
14
What is the highest common factor of 91460 and 540?
20
Calculate the highest common factor of 280 and 2996.
28
What is the greatest common divisor of 1512 and 1869588?
756
What is the greatest common factor of 24682 and 4018?
574
Calculate the highest common divisor of 414 and 236601.
207
Calculate the greatest common div